 and 17?
17
What is the greatest common factor of 468 and 130?
26
Calculate the greatest common divisor of 54 and 37782.
18
What is the greatest common divisor of 20 and 5290?
10
What is the greatest common divisor of 120 and 432?
24
What is the greatest common factor of 1200 and 75?
75
Calculate the greatest common divisor of 120 and 72.
24
What is the highest common factor of 2461 and 23?
23
Calculate the greatest common divisor of 2530 and 110.
110
Calculate the greatest common divisor of 225 and 125.
25
Calculate the greatest common factor of 1325 and 530.
265
What is the greatest common factor of 7626 and 124?
62
Calculate the highest common factor of 2781 and 10815.
309
What is the greatest common factor of 2650 and 200?
50
Calculate the highest common divisor of 17 and 2227.
17
Calculate the greatest common factor of 2501 and 61.
61
Calculate the highest common divisor of 5 and 185.
5
What is the highest common factor of 1761 and 9?
3
Calculate the highest common divisor of 576 and 9.
9
Calculate the highest common divisor of 5 and 70.
5
What is the highest common factor of 81 and 837?
27
Calculate the greatest common divisor of 7452 and 184.
92
What is the highest common factor of 286 and 3344?
22
Calculate the highest common divisor of 48 and 33.
3
What is the highest common divisor of 40 and 56?
8
What is the highest common factor of 2157 and 3?
3
Calculate the highest common factor of 3294 and 54.
54
What is the highest common divisor of 27 and 15?
3
Calculate the highest common factor of 456 and 1026.
114
What is the greatest common divisor of 9 and 15723?
9
Calculate the highest common factor of 198 and 143.
11
Calculate the greatest common divisor of 94 and 24.
2
What is the greatest common divisor of 24 and 276?
12
What is the highest common factor of 21 and 19614?
21
Calculate the greatest common factor of 650 and 2550.
50
Calculate the highest common factor of 22 and 418.
22
What is the highest common factor of 6640 and 100?
20
Calculate the highest common factor of 14 and 32.
2
Calculate the highest common factor of 1100 and 88.
44
Calculate the highest common divisor of 50 and 2675.
25
Calculate the greatest common factor of 6768 and 288.
144
What is the highest common divisor of 90 and 20?
10
What is the highest common divisor of 51 and 4777?
17
Calculate the highest common divisor of 5592 and 120.
24
Calculate the highest common divisor of 2924 and 272.
68
Calculate the highest common divisor of 393 and 524.
131
Calculate the highest common divisor of 138 and 483.
69
What is the greatest common divisor of 12 and 1536?
12
Calculate the greatest common divisor of 78 and 9243.
39
What is the highest common factor of 539 and 1029?
49
What is the highest common factor of 15 and 3945?
15
Calculate the greatest common factor of 48 and 912.
48
What is the greatest common factor of 92 and 11799?
23
What is the greatest common divisor of 10 and 2440?
10
Calculate the greatest common factor of 1216 and 133.
19
Calculate the highest common divisor of 83 and 3735.
83
Calculate the highest common factor of 16 and 5120.
16
What is the greatest common divisor of 66 and 966?
6
What is the highest common factor of 90 and 10?
10
What is the highest common factor of 262 and 10349?
131
Calculate the highest common factor of 12 and 588.
12
What is the greatest common divisor of 55 and 22?
11
Calculate the highest common divisor of 22568 and 273.
91
What is the highest common divisor of 15 and 30?
15
Calculate the highest common factor of 15170 and 222.
74
What is the highest common factor of 2743 and 52?
13
What is the greatest common factor of 336 and 72?
24
What is the highest common divisor of 4579 and 482?
241
Calculate the greatest common factor of 2484 and 460.
92
What is the greatest common factor of 372 and 120?
12
Calculate the greatest common factor of 5129 and 2899.
223
What is the greatest common factor of 143 and 286?
143
Calculate the greatest common factor of 44340 and 12.
12
Calculate the greatest common divisor of 1015 and 2905.
35
Calculate the highest common divisor of 2414 and 306.
34
What is the greatest common divisor of 1332 and 36?
36
What is the greatest common factor of 115 and 45?
5
What is the greatest common divisor of 4 and 35764?
4
What is the highest common factor of 326 and 2?
2
What is the highest common factor of 245 and 1568?
49
What is the greatest common divisor of 53520 and 16?
16
Calculate the greatest common divisor of 1075 and 25.
25
What is the greatest common divisor of 40 and 1970?
10
Calculate the highest common factor of 30 and 370.
10
Calculate the greatest common divisor of 18 and 1422.
18
Calculate the highest common factor of 14 and 21.
7
What is the highest common divisor of 33 and 649?
11
Calculate the greatest common factor of 133 and 259.
7
Calculate the greatest common divisor of 4 and 7.
1
Calculate the highest common divisor of 1001 and 33.
11
Calculate the highest common factor of 561 and 4131.
51
What is the greatest common factor of 1742 and 26?
26
What is the highest common divisor of 20 and 1715?
5
What is the highest common divisor of 21409 and 271?
271
Calculate the highest common divisor of 90 and 225.
45
Calculate the highest common factor of 2107 and 49.
49
What is the highest common divisor of 624 and 13208?
104
Calculate the greatest common divisor of 312 and 26.
26
What is the greatest common factor of 1484 and 28?
28
Calculate the highest common factor of 672 and 399.
21
What is the highest common factor of 264 and 216?
24
What is the greatest common divisor of 18 and 5013?
9
Calculate the greatest common factor of 31605 and 105.
105
Calculate the greatest common divisor of 1722 and 28.
14
Calculate the greatest common factor of 2440 and 16.
8
What is the highest common factor of 1682 and 87?
29
Calculate the highest common factor of 70 and 2170.
70
What is the greatest common divisor of 3604 and 85?
17
Calculate the greatest common factor of 19 and 3781.
19
What is the highest common factor of 50 and 1?
1
What is the highest common divisor of 2552 and 264?
88
What is the highest common factor of 175 and 84?
7
Calculate the highest common factor of 18 and 117.
9
Calculate the greatest common factor of 104 and 2808.
104
Calculate the greatest common factor of 119 and 1819.
17
What is the highest common divisor of 973 and 1529?
139
Calculate the greatest common factor of 425 and 85.
85
Calculate the highest common divisor of 16 and 29872.
16
What is the highest common factor of 3658 and 1416?
118
What is the highest common divisor of 120 and 2460?
60
Calculate the highest common divisor of 2570 and 40.
10
What is the greatest common factor of 1904 and 119?
119
Calculate the highest common divisor of 4 and 172.
4
What is the highest common divisor of 68488 and 56?
56
What is the greatest common divisor of 341 and 374?
11
What is the greatest common factor of 285 and 35?
5
Calculate the greatest common divisor of 8316 and 660.
132
What is the greatest common divisor of 65 and 26?
13
What is the greatest common divisor of 13 and 10231?
13
Calculate the highest common factor of 80 and 56.
8
What is the highest common divisor of 24275 and 25?
25
Calculate the highest common factor of 1746 and 3686.
194
Calculate the greatest common factor of 1384 and 8.
8
What is the greatest common factor of 318 and 7791?
159
What is the highest common factor of 54 and 6?
6
Calculate the greatest common factor of 23 and 31763.
23
What is the greatest common factor of 68 and 7225?
17
Calculate the greatest common divisor of 160 and 6272.
32
Calculate the greatest common factor of 788 and 8.
4
What is the highest common factor of 7 and 7273?
7
What is the highest common divisor of 395 and 8927?
79
What is the greatest common divisor of 46 and 69?
23
Calculate the greatest common factor of 240 and 660.
60
Calculate the greatest common divisor of 1216 and 192.
64
Calculate the highest common factor of 606 and 9494.
202
What is the highest common divisor of 885 and 10?
5
What is the greatest common factor of 99 and 858?
33
What is the highest common divisor of 29 and 67?
1
Calculate the greatest common factor of 2051 and 9376.
293
Calculate the highest common factor of 374 and 238.
34
Calculate t